factors of 9007489.
2339, 3851
What are the prime factors of 628923?
3, 29, 7229
What are the prime factors of 49724?
2, 31, 401
What are the prime factors of 2614831?
421, 6211
What are the prime factors of 9109625?
5, 7, 29, 359
What are the prime factors of 9147493?
19, 481447
What are the prime factors of 352885?
5, 13, 61, 89
List the prime factors of 1458247.
7, 41, 5081
What are the prime factors of 154746?
2, 3, 8597
List the prime factors of 755957.
239, 3163
What are the prime factors of 8420797?
7, 11, 17, 919
What are the prime factors of 1086919?
1086919
List the prime factors of 16397193.
3, 53, 281, 367
What are the prime factors of 419253?
3, 29, 61, 79
What are the prime factors of 7536912?
2, 3, 157019
List the prime factors of 4393972.
2, 11, 37, 2699
What are the prime factors of 451575?
3, 5, 223
List the prime factors of 395221.
53, 7457
List the prime factors of 275195.
5, 23, 2393
List the prime factors of 806339.
139, 5801
List the prime factors of 97378.
2, 181, 269
List the prime factors of 241584.
2, 3, 7, 719
List the prime factors of 359753.
359753
What are the prime factors of 946330?
2, 5, 7, 11, 1229
What are the prime factors of 15686188?
2, 7, 560221
What are the prime factors of 1172800?
2, 5, 733
List the prime factors of 12283.
71, 173
What are the prime factors of 187425?
3, 5, 7, 17
What are the prime factors of 1398501?
3, 13, 11953
List the prime factors of 33196.
2, 43, 193
What are the prime factors of 7579351?
13, 23, 25349
List the prime factors of 61683.
3, 29, 709
What are the prime factors of 170626?
2, 85313
List the prime factors of 34155969.
3, 11385323
What are the prime factors of 4172168?
2, 7, 11, 13, 521
List the prime factors of 761750.
2, 5, 11, 277
List the prime factors of 26376072.
2, 3, 83, 13241
List the prime factors of 8369853.
3, 2789951
What are the prime factors of 465604?
2, 43, 2707
What are the prime factors of 513213?
3, 17, 29, 347
List the prime factors of 3294237.
3, 1033, 1063
What are the prime factors of 8772?
2, 3, 17, 43
List the prime factors of 3601247.
13, 37, 7487
What are the prime factors of 5025796?
2, 1256449
What are the prime factors of 1145051?
103, 11117
What are the prime factors of 2399788?
2, 17, 35291
List the prime factors of 745461.
3, 113, 733
What are the prime factors of 215263?
167, 1289
List the prime factors of 43293.
3, 14431
What are the prime factors of 215310?
2, 3, 5, 7177
List the prime factors of 767221.
7, 13, 8431
List the prime factors of 191963.
97, 1979
What are the prime factors of 265744?
2, 17, 977
What are the prime factors of 1509526?
2, 37, 20399
List the prime factors of 1173409.
97, 12097
List the prime factors of 24635787.
3, 11, 107, 6977
List the prime factors of 2514797.
23, 53, 2063
What are the prime factors of 931829?
31, 30059
List the prime factors of 4346313.
3, 1448771
What are the prime factors of 7479431?
7479431
List the prime factors of 9206457.
3, 13, 236063
What are the prime factors of 633950?
2, 5, 31, 409
List the prime factors of 922355.
5, 7, 19, 73
List the prime factors of 1814187.
3, 604729
List the prime factors of 770315.
5, 7, 13, 1693
List the prime factors of 10091230.
2, 5, 61, 71, 233
What are the prime factors of 25807666?
2, 17, 433, 1753
What are the prime factors of 6482612?
2, 307, 5279
List the prime factors of 1394097.
3, 464699
What are the prime factors of 3406904?
2, 109, 3907
List the prime factors of 172781.
7, 24683
What are the prime factors of 6082315?
5, 29, 41947
What are the prime factors of 12248325?
3, 5, 54437
List the prime factors of 1872708.
2, 3, 156059
What are the prime factors of 364196?
2, 7, 13007
List the prime factors of 781833.
3, 13, 20047
What are the prime factors of 1414768?
2, 88423
What are the prime factors of 15197798?
2, 7, 11, 29, 41, 83
List the prime factors of 23301.
3, 863
List the prime factors of 361874.
2, 19, 89, 107
What are the prime factors of 241245?
3, 5, 1787
What are the prime factors of 502720?
2, 5, 1571
What are the prime factors of 33746491?
33746491
List the prime factors of 13426679.
7, 1918097
List the prime factors of 26544395.
5, 17, 59, 67, 79
List the prime factors of 18168843.
3, 7, 11, 78653
What are the prime factors of 565002?
2, 3, 10463
List the prime factors of 3354644.
2, 17, 49333
What are the prime factors of 385210?
2, 5, 7, 5503
What are the prime factors of 5874691?
269, 21839
List the prime factors of 453961.
453961
List the prime factors of 2145415.
5, 429083
What are the prime factors of 216819?
3, 24091
List the prime factors of 2866236.
2, 3, 238853
What are the prime factors of 10014094?
2, 5007047
What are the prime factors of 19410069?
3, 7, 313, 2953
What are the prime factors of 208066?
2, 104033
List the prime factors of 20044890.
2, 3, 5, 283, 787
List the prime factors of 10816595.
5, 101, 21419
What are the prime factors of 2928494?
2, 151, 9697
List the prime factors of 26052982.
2, 13026491
What are the prime factors of 813021?
3, 11, 71, 347
What are the prime factors of 9701117?
9701117
What are the prime factors of 1026149?
229, 4481
List the prime factors of 2410361.
2410361
List the prime factors of 43034.
2, 21517
What are the prime factors of 4565381?
4565381
What are the prime factors of 2020426?
2, 739, 1367
What are the prime factors of 116389?
7, 13, 1279
List the prime factors of 18953752.
2, 2369219
List the prime factors of 2479818.
2, 3, 11, 37573
What are the prime factors of 4847727?
3, 29, 55721
List the prime factors of 928808.
2, 116101
What are the prime factors of 102682?
2, 51341
What are the prime factors of 2204710?
2, 5, 220471
List the prime factors of 3961970.
2, 5, 396197
What are the prime factors of 4991017?
1913, 2609
What are the prime factors of 17412627?
3, 79, 73471
What are the prime factors of 3334567?
17, 73, 2687
What are the prime factors of 130903?
79, 1657
What are the prime factors of 4506041?
1549, 2909
List the prime factors of 10883887.
7, 1554841
List the prime factors of 173459.
11, 13, 1213
List the prime factors of 112507.
112507
List the prime factors of 743457.
3, 11, 13, 1733
What are the prime factors of 357890?
2, 5, 13, 2753
What are the prime factors of 1816419?
3, 11, 19, 2897
What are the prime factors of 278214?
2, 3, 89, 521
What are the prime factors of 15143719?
17, 41, 21727
List the prime factors of 1431450.
2, 3, 5, 3181
List the prime factors of 306093.
3, 102031
What are the prime factors of 11173162?
2, 7, 11, 13, 5581
List the prime factors of 2583897.
3, 861299
What are the prime factors of 4984430?
2, 5, 11, 113, 401
What are the prime factors of 1995209?
19, 173, 607
What are the prime factors of 428902?
2, 214451
List the prime factors of 27521545.
5, 223, 24683
What are the prime factors of 1833255?
3, 5, 40739
What are the prime factors of 14167745?
5, 2833549
List the prime factors of 1263603.
3, 11, 59
List the prime factors of 327662.
2, 173, 947
What are the prime factors of 4876395?
3, 5, 325093
What are the prime factors of 819586?
2, 47, 8719
What are the prime factors of 32944?
2, 29, 71
List the prime factors of 41853.
3, 7, 1993
What are the prime factors of 188219?
37, 5087
List the prime factors of 108741.
3, 67, 541
List the prime factors of 3933885.
3, 5, 17, 15427
List the prime factors of 626276.
2, 7, 22367
What are the prime factors of 294064?
2, 18379
List the prime factors of 164292.
2, 3, 13691
List the prime factors of 87452.
2, 21863
What are the prime factors of 36445115?
5, 7, 1041289
What are the prime factors of 3901084?
2, 11, 88661
List the prime factors of 28016.
2, 17, 103
List the prime factors of 28524.
2, 3, 2377
What are the prime factors of 288684?
2, 3, 11
List the prime factors of 19188785.
5, 7, 11, 23, 197
List the prime factors of 2250188.
2, 17, 33091
List the prime factors of 1819048.
2, 7, 11, 2953
List the prime factors of 8035263.
3, 251, 3557
List the prime factors of 2178506.
2, 11, 99023
What are the prime factors of 186975?
3, 5, 277
What are the prime factors of 12140548?
2, 7, 59, 7349
What are the prime factors of 521373?
3, 17, 10223
What are the prime factors of 1186352?
2, 53, 1399
List the prime factors of 1682.
2, 29
List the prime factors of 4884054.
2, 3